{"id":328,"date":"2021-03-13T09:44:22","date_gmt":"2021-03-13T13:44:22","guid":{"rendered":"http:\/\/seminarios.isciweb.com.br\/?page_id=328"},"modified":"2021-03-14T17:55:27","modified_gmt":"2021-03-14T21:55:27","slug":"seminario-isci-de-educacao-e-praticas-pedagogicas","status":"publish","type":"page","link":"https:\/\/seminarios.isciweb.com.br\/index.php\/seminario-isci-de-educacao-e-praticas-pedagogicas\/","title":{"rendered":"Semin\u00e1rio ISCI de Educa\u00e7\u00e3o e Pr\u00e1ticas Pedag\u00f3gicas"},"content":{"rendered":"\n<p class=\"has-text-color has-background has-very-dark-gray-color has-cyan-bluish-gray-background-color\">Organiza\u00e7\u00e3o: Instituto Saber de Ci\u00eancias Integradas<br>Data: de 17, 18, 24, e 25 abr.\/2021 e de 1, 2, 8, 9, 15, 16, 22 e 23 de maio.\/2021<br><\/p>\n\n\n\n<p style=\"text-align:right\" class=\"has-text-color has-background has-very-dark-gray-color has-light-green-cyan-background-color\">A proposta deste semin\u00e1rio \u00e9 trabalhar temas da \u00e1rea de educa\u00e7\u00e3o, bem como \u00e0s pr\u00e1ticas pedag\u00f3gicas. O evento ser\u00e1 composto por apresenta\u00e7\u00f5es de banners, comunica\u00e7\u00f5es orais, palestras e oficinas. Sendo todo o conte\u00fado disponibilizado no site do evento.<\/p>\n\n\n\n<p class=\"has-text-color has-background has-very-dark-gray-color has-very-light-gray-background-color\">Voc\u00ea pode participar assistindo e\/ou apresentando (banner, comunica\u00e7\u00e3o oral, palestra e oficina).<\/p>\n\n\n\n<p class=\"has-text-color has-background has-very-light-gray-color has-very-dark-gray-background-color\">Contatos:<br>(66) 99616-2930 liga\u00e7\u00f5es e WhatsApp<br>(66) 99687-8773 liga\u00e7\u00f5es e WhatsApp<br>institutosaber.adm@gmail.com<br>contato@isciweb.com.br<\/p>\n\n\n\n<p class=\"has-text-color has-background has-very-dark-gray-color has-very-light-gray-background-color\">&gt; QUERO ASSISTIR &lt;<br><br><a class=\"maxbutton-6 maxbutton maxbutton-assistir-informacoes\" href=\"http:\/\/seminarios.isciweb.com.br\/index.php\/assistir-com-certificado-orientacao\/\"><span class='mb-text'>Clique para mais informa\u00e7\u00f5es!<\/span><\/a><br><br><a class=\"maxbutton-5 maxbutton maxbutton-assistir-gratis\" target=\"_blank\" rel=\"noopener\" href=\"https:\/\/docs.google.com\/forms\/d\/e\/1FAIpQLScldw7SdqsLWBhsL4JUKkXO9Q4JTXVcHNH-sitGuHSr2cR_xQ\/viewform?usp=sf_link\"><span class='mb-text'>&gt;inscri\u00e7\u00e3o p\/ assistir (sem certificado)&lt;<\/span><\/a><br><br><a class=\"maxbutton-1 maxbutton maxbutton-assistir\" target=\"_blank\" rel=\"noopener\" href=\"https:\/\/docs.google.com\/forms\/d\/e\/1FAIpQLScAnaFnMUfeEOGZuJA-V-RuTRNTEAd4R49-FcNM7qZtsczugw\/viewform?usp=sf_link\"><span class='mb-text'>&gt;inscri\u00e7\u00e3o p\/ assistir (com certificado)&lt;<\/span><\/a><\/p>\n\n\n\n<p class=\"has-text-color has-background has-very-dark-gray-color has-pale-cyan-blue-background-color\">&gt; QUERO APRESENTAR BANNER &lt;<br><br><a class=\"maxbutton-7 maxbutton maxbutton-banner-informacoes\" href=\"http:\/\/seminarios.isciweb.com.br\/index.php\/apresentacao-de-banner-orientacao\/\"><span class='mb-text'>Clique para mais informa\u00e7\u00f5es!<\/span><\/a><br><br><a class=\"maxbutton-4 maxbutton maxbutton-apresentacao-banner\" target=\"_blank\" rel=\"noopener\" href=\"https:\/\/docs.google.com\/forms\/d\/e\/1FAIpQLSf5UQwHbrkDMvsDrFeHSjTACzM5W9i3lGnYz6rEIN9a0ktxUQ\/viewform?usp=sf_link\"><span class='mb-text'>&gt;inscri\u00e7\u00e3o apresenta\u00e7\u00e3o banner&lt;<\/span><\/a><\/p>\n\n\n\n<p class=\"has-text-color has-background has-very-dark-gray-color has-light-green-cyan-background-color\">&gt; QUERO APRESENTAR COMUNICA\u00c7\u00c3O ORAL &lt;<br><br><a class=\"maxbutton-8 maxbutton maxbutton-comunc-oral\" href=\"http:\/\/seminarios.isciweb.com.br\/index.php\/apresentacao-oral-orientacao\/\"><span class='mb-text'>Clique para mais informa\u00e7\u00f5es!<\/span><\/a><br><br><a class=\"maxbutton-2 maxbutton maxbutton-apresentacao-oral\" target=\"_blank\" rel=\"noopener\" href=\"https:\/\/docs.google.com\/forms\/d\/e\/1FAIpQLSdfdRF1kTw5HbcUsBeFn6Vs9skGhCAIR2xZppRIN4IpyiZxjw\/viewform?usp=sf_link\"><span class='mb-text'>&gt;inscri\u00e7\u00e3o comunica\u00e7\u00e3o oral&lt;<\/span><\/a><br><\/p>\n\n\n\n<p class=\"has-text-color has-background has-very-dark-gray-color has-pale-cyan-blue-background-color\">> QUERO APRESENTAR PALESTRA &lt;<br><br><a class=\"maxbutton-9 maxbutton maxbutton-palestra-informacoes\" href=\"http:\/\/seminarios.isciweb.com.br\/index.php\/palestra-orientacao\/\"><span class='mb-text'>Clique para mais informa\u00e7\u00f5es!<\/span><\/a><br><br><a class=\"maxbutton-3 maxbutton maxbutton-apresentacao-palestra\" target=\"_blank\" rel=\"noopener\" href=\"https:\/\/docs.google.com\/forms\/d\/e\/1FAIpQLSecDSbpOYVu4mrdiMpqyEeDEFIVplCaBAcyyiKwlMtZOfKhOQ\/viewform?usp=sf_link\"><span class='mb-text'>&gt;Inscri\u00e7\u00e3o apresenta\u00e7\u00e3o palestra&lt;<\/span><\/a><br><\/p>\n\n\n\n<p class=\"has-background has-light-green-cyan-background-color\">> QUERO APRESENTAR OFICINA &lt;<br><br><a class=\"maxbutton-11 maxbutton maxbutton-oficina-informacoes\" href=\"http:\/\/seminarios.isciweb.com.br\/index.php\/oficina\/\"><span class='mb-text'>Clique para mais informa\u00e7\u00f5es!<\/span><\/a><br><br><a class=\"maxbutton-12 maxbutton maxbutton-oficina-inscricao\" target=\"_blank\" rel=\"noopener\" href=\"https:\/\/docs.google.com\/forms\/d\/e\/1FAIpQLSduqn16an8aS2zBH49T4gYy7eO9TX7xTULLjFmk3O9lvfitjg\/viewform?usp=sf_link\"><span class='mb-text'>&gt;inscri\u00e7\u00e3o apresenta\u00e7\u00e3o de oficina&lt;<\/span><\/a><\/p>\n","protected":false},"excerpt":{"rendered":"<p>Organiza\u00e7\u00e3o: Instituto Saber de Ci\u00eancias IntegradasData: de 17, 18, 24, e 25 abr.\/2021 e de 1, 2, 8, 9, 15, 16, 22 e 23 de maio.\/2021 A proposta deste semin\u00e1rio \u00e9 trabalhar temas da \u00e1rea de educa\u00e7\u00e3o, bem como \u00e0s pr\u00e1ticas pedag\u00f3gicas. O evento ser\u00e1 composto por apresenta\u00e7\u00f5es de banners, comunica\u00e7\u00f5es orais, palestras e oficinas. [&hellip;]<\/p>\n","protected":false},"author":1,"featured_media":0,"parent":0,"menu_order":0,"comment_status":"closed","ping_status":"closed","template":"","meta":{"footnotes":""},"class_list":["post-328","page","type-page","status-publish","hentry"],"_links":{"self":[{"href":"https:\/\/seminarios.isciweb.com.br\/index.php\/wp-json\/wp\/v2\/pages\/328","targetHints":{"allow":["GET"]}}],"collection":[{"href":"https:\/\/seminarios.isciweb.com.br\/index.php\/wp-json\/wp\/v2\/pages"}],"about":[{"href":"https:\/\/seminarios.isciweb.com.br\/index.php\/wp-json\/wp\/v2\/types\/page"}],"author":[{"embeddable":true,"href":"https:\/\/seminarios.isciweb.com.br\/index.php\/wp-json\/wp\/v2\/users\/1"}],"replies":[{"embeddable":true,"href":"https:\/\/seminarios.isciweb.com.br\/index.php\/wp-json\/wp\/v2\/comments?post=328"}],"version-history":[{"count":26,"href":"https:\/\/seminarios.isciweb.com.br\/index.php\/wp-json\/wp\/v2\/pages\/328\/revisions"}],"predecessor-version":[{"id":626,"href":"https:\/\/seminarios.isciweb.com.br\/index.php\/wp-json\/wp\/v2\/pages\/328\/revisions\/626"}],"wp:attachment":[{"href":"https:\/\/seminarios.isciweb.com.br\/index.php\/wp-json\/wp\/v2\/media?parent=328"}],"curies":[{"name":"wp","href":"https:\/\/api.w.org\/{rel}","templated":true}]}}