{"id":380,"date":"2020-02-16T09:52:23","date_gmt":"2020-02-16T13:52:23","guid":{"rendered":"http:\/\/seminarios.isciweb.com.br\/?page_id=380"},"modified":"2020-11-30T19:12:45","modified_gmt":"2020-11-30T23:12:45","slug":"2032-2","status":"publish","type":"page","link":"https:\/\/seminarios.isciweb.com.br\/index.php\/2032-2\/","title":{"rendered":"2032"},"content":{"rendered":"\n<table class=\"wp-block-table\"><tbody><tr><td>N\u00ba de registro:<\/td><td>2032<\/td><\/tr><tr><td><\/td><\/tr><tr><td>Certificamos que:<\/td><td>Andrea Jos\u00e9 da Cruz Costa<br>Elaine M\u00fcller Cruz<br>Silvia Jos\u00e9 da Cruz Nunes<br>Tatiane Nunes da Cruz <br>Wagner Junior Cruz<\/td><\/tr><tr><\/tr><tr><\/tr><tr><\/tr><tr><td><\/td><\/tr><tr><td>Apresentaram o banner:<\/td><td>INTERDISCIPLINARIDADE NA SALA DE AULA <\/td><\/tr><tr><td>Conte\u00fado:<\/td><td>A import\u00e2ncia e como trabalhar a interdisciplinaridade em sala de aula para a compreens\u00e3o global dos conte\u00fados estudados.<\/td><\/tr><tr><\/tr><tr><\/tr><tr><\/tr><tr><td>Data apresenta\u00e7\u00e3o:<\/td><td>16\/02\/2020<\/td><\/tr><tr><td>Data evento:<\/td><td>15, 16, 22, 23, 24, e 29 fev.\/2020<br>1, 7 e 8 de mar.\/2020<\/td><\/tr><tr><td>Realiza\u00e7\u00e3o:<\/td><td>Instituto Saber de Ci\u00eancias Integradas<\/td><\/tr><\/tbody><\/table>\n","protected":false},"excerpt":{"rendered":"<p>N\u00ba de registro: 2032 Certificamos que: Andrea Jos\u00e9 da Cruz CostaElaine M\u00fcller CruzSilvia Jos\u00e9 da Cruz NunesTatiane Nunes da Cruz Wagner Junior Cruz Apresentaram o banner: INTERDISCIPLINARIDADE NA SALA DE AULA Conte\u00fado: A import\u00e2ncia e como trabalhar a interdisciplinaridade em sala de aula para a compreens\u00e3o global dos conte\u00fados estudados. Data apresenta\u00e7\u00e3o: 16\/02\/2020 Data evento: [&hellip;]<\/p>\n","protected":false},"author":1,"featured_media":0,"parent":0,"menu_order":0,"comment_status":"closed","ping_status":"closed","template":"","meta":{"footnotes":""},"class_list":["post-380","page","type-page","status-publish","hentry"],"_links":{"self":[{"href":"https:\/\/seminarios.isciweb.com.br\/index.php\/wp-json\/wp\/v2\/pages\/380","targetHints":{"allow":["GET"]}}],"collection":[{"href":"https:\/\/seminarios.isciweb.com.br\/index.php\/wp-json\/wp\/v2\/pages"}],"about":[{"href":"https:\/\/seminarios.isciweb.com.br\/index.php\/wp-json\/wp\/v2\/types\/page"}],"author":[{"embeddable":true,"href":"https:\/\/seminarios.isciweb.com.br\/index.php\/wp-json\/wp\/v2\/users\/1"}],"replies":[{"embeddable":true,"href":"https:\/\/seminarios.isciweb.com.br\/index.php\/wp-json\/wp\/v2\/comments?post=380"}],"version-history":[{"count":1,"href":"https:\/\/seminarios.isciweb.com.br\/index.php\/wp-json\/wp\/v2\/pages\/380\/revisions"}],"predecessor-version":[{"id":381,"href":"https:\/\/seminarios.isciweb.com.br\/index.php\/wp-json\/wp\/v2\/pages\/380\/revisions\/381"}],"wp:attachment":[{"href":"https:\/\/seminarios.isciweb.com.br\/index.php\/wp-json\/wp\/v2\/media?parent=380"}],"curies":[{"name":"wp","href":"https:\/\/api.w.org\/{rel}","templated":true}]}}