{"id":453,"date":"2020-03-01T07:10:04","date_gmt":"2020-03-01T11:10:04","guid":{"rendered":"http:\/\/seminarios.isciweb.com.br\/?page_id=453"},"modified":"2020-12-02T07:10:42","modified_gmt":"2020-12-02T11:10:42","slug":"2059-2","status":"publish","type":"page","link":"https:\/\/seminarios.isciweb.com.br\/index.php\/2059-2\/","title":{"rendered":"2059"},"content":{"rendered":"\n<table class=\"wp-block-table\"><tbody><tr><td>N\u00famero de registro:       <\/td><td>2059<\/td><\/tr><tr><td><\/td><td><\/td><\/tr><tr><td>Certificamos que:       <\/td><td>Ana Paula Carlesso<br>Angela Maria dos Santos Assun\u00e7\u00e3o<br>Sirlei Leite<br>Nilvani Silva de Souza Sabino<br>Vanilda Correia da Silva<\/td><\/tr><tr><\/tr><tr><\/tr><tr><\/tr><tr><\/tr><tr><td>Apresentaram a      .<br>Comunica\u00e7\u00e3o Oral:      .<\/td><td>VALORIZANDO O MEIO EM QUE VIVO<\/td><\/tr><tr><td>Conte\u00fado:       <\/td><td>Trabalho com quest\u00f5es ambientais buscando despertar nas crian\u00e7as a consci\u00eancia com rela\u00e7\u00e3o \u00e0 valoriza\u00e7\u00e3o e preserva\u00e7\u00e3o do meio.<\/td><\/tr><tr><\/tr><tr><\/tr><tr><\/tr><tr><td>Data apresenta\u00e7\u00e3o:       <\/td><td>01\/03\/2020<\/td><\/tr><tr><td>Data evento:       <\/td><td>15, 16, 22, 23, 24, e 29 fev.\/2020<br>1, 7 e 8 de mar.\/2020                     <\/td><\/tr><tr><td>Realiza\u00e7\u00e3o:        <\/td><td>Instituto Saber de Ci\u00eancias Integradas                        <\/td><\/tr><\/tbody><\/table>\n","protected":false},"excerpt":{"rendered":"<p>N\u00famero de registro: 2059 Certificamos que: Ana Paula CarlessoAngela Maria dos Santos Assun\u00e7\u00e3oSirlei LeiteNilvani Silva de Souza SabinoVanilda Correia da Silva Apresentaram a .Comunica\u00e7\u00e3o Oral: . VALORIZANDO O MEIO EM QUE VIVO Conte\u00fado: Trabalho com quest\u00f5es ambientais buscando despertar nas crian\u00e7as a consci\u00eancia com rela\u00e7\u00e3o \u00e0 valoriza\u00e7\u00e3o e preserva\u00e7\u00e3o do meio. Data apresenta\u00e7\u00e3o: 01\/03\/2020 Data [&hellip;]<\/p>\n","protected":false},"author":1,"featured_media":0,"parent":0,"menu_order":0,"comment_status":"closed","ping_status":"closed","template":"","meta":{"footnotes":""},"class_list":["post-453","page","type-page","status-publish","hentry"],"_links":{"self":[{"href":"https:\/\/seminarios.isciweb.com.br\/index.php\/wp-json\/wp\/v2\/pages\/453","targetHints":{"allow":["GET"]}}],"collection":[{"href":"https:\/\/seminarios.isciweb.com.br\/index.php\/wp-json\/wp\/v2\/pages"}],"about":[{"href":"https:\/\/seminarios.isciweb.com.br\/index.php\/wp-json\/wp\/v2\/types\/page"}],"author":[{"embeddable":true,"href":"https:\/\/seminarios.isciweb.com.br\/index.php\/wp-json\/wp\/v2\/users\/1"}],"replies":[{"embeddable":true,"href":"https:\/\/seminarios.isciweb.com.br\/index.php\/wp-json\/wp\/v2\/comments?post=453"}],"version-history":[{"count":1,"href":"https:\/\/seminarios.isciweb.com.br\/index.php\/wp-json\/wp\/v2\/pages\/453\/revisions"}],"predecessor-version":[{"id":454,"href":"https:\/\/seminarios.isciweb.com.br\/index.php\/wp-json\/wp\/v2\/pages\/453\/revisions\/454"}],"wp:attachment":[{"href":"https:\/\/seminarios.isciweb.com.br\/index.php\/wp-json\/wp\/v2\/media?parent=453"}],"curies":[{"name":"wp","href":"https:\/\/api.w.org\/{rel}","templated":true}]}}

<table class="wp-block-table"><tbody><tr><td>Número de registro:       </td><td>2059</td></tr><tr><td></td><td></td></tr><tr><td>Certificamos que:       </td><td>Ana Paula Carlesso<br>Angela Maria dos Santos Assunção<br>Sirlei Leite<br>Nilvani Silva de Souza Sabino<br>Vanilda Correia da Silva</td></tr><tr></tr><tr></tr><tr></tr><tr></tr><tr><td>Apresentaram a      .<br>Comunicação Oral:      .</td><td>VALORIZANDO O MEIO EM QUE VIVO</td></tr><tr><td>Conteúdo:       </td><td>Trabalho com questões ambientais buscando despertar nas crianças a consciência com relação à valorização e preservação do meio.</td></tr><tr></tr><tr></tr><tr></tr><tr><td>Data apresentação:       </td><td>01/03/2020</td></tr><tr><td>Data evento:       </td><td>15, 16, 22, 23, 24, e 29 fev./2020<br>1, 7 e 8 de mar./2020                     </td></tr><tr><td>Realização:        </td><td>Instituto Saber de Ciências Integradas                        </td></tr></tbody></table>

<p>Número de registro: 2059 Certificamos que: Ana Paula CarlessoAngela Maria dos Santos AssunçãoSirlei LeiteNilvani Silva de Souza SabinoVanilda Correia da Silva Apresentaram a .Comunicação Oral: . VALORIZANDO O MEIO EM QUE VIVO Conteúdo: Trabalho com questões ambientais buscando despertar nas crianças a consciência com relação à valorização e preservação do meio. Data apresentação: 01/03/2020 Data [&hellip;]</p>
