{"id":471,"date":"2020-02-15T17:34:52","date_gmt":"2020-02-15T21:34:52","guid":{"rendered":"http:\/\/seminarios.isciweb.com.br\/?page_id=471"},"modified":"2020-12-02T17:36:06","modified_gmt":"2020-12-02T21:36:06","slug":"2011-2","status":"publish","type":"page","link":"https:\/\/seminarios.isciweb.com.br\/index.php\/2011-2\/","title":{"rendered":"2011"},"content":{"rendered":"\n<table class=\"wp-block-table\"><tbody><tr><td>N\u00ba de registro:<\/td><td>2011<\/td><\/tr><tr><td><\/td><\/tr><tr><td>Certificamos que:<\/td><td>Patr\u00edcia Ribeiro Polga<br>Jessica Caroline Laurindo<\/td><\/tr><tr><\/tr><tr><\/tr><tr><\/tr><tr><td><\/td><\/tr><tr><td>Apresentaram o banner:<\/td><td>CONCEP\u00c7\u00d5ES TEORICAS ACERCA DOS PROCESSOS DE ALFABETIZA\u00c7\u00c3O<\/td><\/tr><tr><td>Conte\u00fado:<\/td><td>Reflex\u00f5es sobre abordagens de diversos te\u00f3ricos acerca do processo de alfabetiza\u00e7\u00e3o.<\/td><\/tr><tr><\/tr><tr><\/tr><tr><\/tr><tr><td>Data apresenta\u00e7\u00e3o:<\/td><td>15\/02\/2020<\/td><\/tr><tr><td>Data evento:<\/td><td>15, 16, 22, 23, 24, e 29 fev.\/2020<br>1, 7 e 8 de mar.\/2020<\/td><\/tr><tr><td>Realiza\u00e7\u00e3o:<\/td><td>Instituto Saber de Ci\u00eancias Integradas<\/td><\/tr><\/tbody><\/table>\n","protected":false},"excerpt":{"rendered":"<p>N\u00ba de registro: 2011 Certificamos que: Patr\u00edcia Ribeiro PolgaJessica Caroline Laurindo Apresentaram o banner: CONCEP\u00c7\u00d5ES TEORICAS ACERCA DOS PROCESSOS DE ALFABETIZA\u00c7\u00c3O Conte\u00fado: Reflex\u00f5es sobre abordagens de diversos te\u00f3ricos acerca do processo de alfabetiza\u00e7\u00e3o. Data apresenta\u00e7\u00e3o: 15\/02\/2020 Data evento: 15, 16, 22, 23, 24, e 29 fev.\/20201, 7 e 8 de mar.\/2020 Realiza\u00e7\u00e3o: Instituto Saber de [&hellip;]<\/p>\n","protected":false},"author":1,"featured_media":0,"parent":0,"menu_order":0,"comment_status":"closed","ping_status":"closed","template":"","meta":{"footnotes":""},"class_list":["post-471","page","type-page","status-publish","hentry"],"_links":{"self":[{"href":"https:\/\/seminarios.isciweb.com.br\/index.php\/wp-json\/wp\/v2\/pages\/471","targetHints":{"allow":["GET"]}}],"collection":[{"href":"https:\/\/seminarios.isciweb.com.br\/index.php\/wp-json\/wp\/v2\/pages"}],"about":[{"href":"https:\/\/seminarios.isciweb.com.br\/index.php\/wp-json\/wp\/v2\/types\/page"}],"author":[{"embeddable":true,"href":"https:\/\/seminarios.isciweb.com.br\/index.php\/wp-json\/wp\/v2\/users\/1"}],"replies":[{"embeddable":true,"href":"https:\/\/seminarios.isciweb.com.br\/index.php\/wp-json\/wp\/v2\/comments?post=471"}],"version-history":[{"count":1,"href":"https:\/\/seminarios.isciweb.com.br\/index.php\/wp-json\/wp\/v2\/pages\/471\/revisions"}],"predecessor-version":[{"id":472,"href":"https:\/\/seminarios.isciweb.com.br\/index.php\/wp-json\/wp\/v2\/pages\/471\/revisions\/472"}],"wp:attachment":[{"href":"https:\/\/seminarios.isciweb.com.br\/index.php\/wp-json\/wp\/v2\/media?parent=471"}],"curies":[{"name":"wp","href":"https:\/\/api.w.org\/{rel}","templated":true}]}}