{"id":486,"date":"2020-03-01T15:20:22","date_gmt":"2020-03-01T19:20:22","guid":{"rendered":"http:\/\/seminarios.isciweb.com.br\/?page_id=486"},"modified":"2020-12-03T15:20:54","modified_gmt":"2020-12-03T19:20:54","slug":"2070-2","status":"publish","type":"page","link":"https:\/\/seminarios.isciweb.com.br\/index.php\/2070-2\/","title":{"rendered":"2070"},"content":{"rendered":"\n<table class=\"wp-block-table\"><tbody><tr><td>N\u00ba de registro:<\/td><td>2070<\/td><\/tr><tr><td><\/td><\/tr><tr><td>Certificamos que:<\/td><td>Adriana Gon\u00e7alves da Silva<br>Alezandra Patel Chaves<br>Ironilda Batista Vizzotto<br>Rozangela Silva Gon\u00e7alves<br>Wellen Cristina da Silva dos Santos<\/td><\/tr><tr><\/tr><tr><\/tr><tr><\/tr><tr><td><\/td><\/tr><tr><td>Apresentaram o banner:<\/td><td>A CRIAN\u00c7A COM S\u00cdNDROME DE DOWN E A INCLUS\u00c3O NO ENSINO REGULAR<\/td><\/tr><tr><td>Conte\u00fado:<\/td><td>Flexibiliza\u00e7\u00e3o curricular e pr\u00e1ticas pedag\u00f3gicas adaptadas para o trabalho com o estudante com s\u00edndrome de Down.<\/td><\/tr><tr><\/tr><tr><\/tr><tr><\/tr><tr><td>Data apresenta\u00e7\u00e3o:<\/td><td>01\/03\/2020<\/td><\/tr><tr><td>Data evento:<\/td><td>15, 16, 22, 23, 24, e 29 fev.\/2020<br>1, 7 e 8 de mar.\/2020<\/td><\/tr><tr><td>Realiza\u00e7\u00e3o:<\/td><td>Instituto Saber de Ci\u00eancias Integradas<\/td><\/tr><\/tbody><\/table>\n","protected":false},"excerpt":{"rendered":"<p>N\u00ba de registro: 2070 Certificamos que: Adriana Gon\u00e7alves da SilvaAlezandra Patel ChavesIronilda Batista VizzottoRozangela Silva Gon\u00e7alvesWellen Cristina da Silva dos Santos Apresentaram o banner: A CRIAN\u00c7A COM S\u00cdNDROME DE DOWN E A INCLUS\u00c3O NO ENSINO REGULAR Conte\u00fado: Flexibiliza\u00e7\u00e3o curricular e pr\u00e1ticas pedag\u00f3gicas adaptadas para o trabalho com o estudante com s\u00edndrome de Down. Data apresenta\u00e7\u00e3o: [&hellip;]<\/p>\n","protected":false},"author":1,"featured_media":0,"parent":0,"menu_order":0,"comment_status":"closed","ping_status":"closed","template":"","meta":{"footnotes":""},"class_list":["post-486","page","type-page","status-publish","hentry"],"_links":{"self":[{"href":"https:\/\/seminarios.isciweb.com.br\/index.php\/wp-json\/wp\/v2\/pages\/486","targetHints":{"allow":["GET"]}}],"collection":[{"href":"https:\/\/seminarios.isciweb.com.br\/index.php\/wp-json\/wp\/v2\/pages"}],"about":[{"href":"https:\/\/seminarios.isciweb.com.br\/index.php\/wp-json\/wp\/v2\/types\/page"}],"author":[{"embeddable":true,"href":"https:\/\/seminarios.isciweb.com.br\/index.php\/wp-json\/wp\/v2\/users\/1"}],"replies":[{"embeddable":true,"href":"https:\/\/seminarios.isciweb.com.br\/index.php\/wp-json\/wp\/v2\/comments?post=486"}],"version-history":[{"count":1,"href":"https:\/\/seminarios.isciweb.com.br\/index.php\/wp-json\/wp\/v2\/pages\/486\/revisions"}],"predecessor-version":[{"id":487,"href":"https:\/\/seminarios.isciweb.com.br\/index.php\/wp-json\/wp\/v2\/pages\/486\/revisions\/487"}],"wp:attachment":[{"href":"https:\/\/seminarios.isciweb.com.br\/index.php\/wp-json\/wp\/v2\/media?parent=486"}],"curies":[{"name":"wp","href":"https:\/\/api.w.org\/{rel}","templated":true}]}}