{"id":546,"date":"2020-03-07T06:47:23","date_gmt":"2020-03-07T10:47:23","guid":{"rendered":"http:\/\/seminarios.isciweb.com.br\/?page_id=546"},"modified":"2020-12-09T06:47:59","modified_gmt":"2020-12-09T10:47:59","slug":"2079-2","status":"publish","type":"page","link":"https:\/\/seminarios.isciweb.com.br\/index.php\/2079-2\/","title":{"rendered":"2079"},"content":{"rendered":"\n<table class=\"wp-block-table\"><tbody><tr><td>N\u00ba de registro:<\/td><td>2079<\/td><\/tr><tr><td><\/td><\/tr><tr><td>Certificamos que:<\/td><td>Crislayne Giovana Fontes Alves<br>Let\u00edcia Pereira Leles  <br>Jorgina Xavier de Lima <br>Carla Fernanda Valentin<br>Vanderleia Ramos Pereira Lel\u00e9s<\/td><\/tr><tr><\/tr><tr><\/tr><tr><\/tr><tr><td><\/td><\/tr><tr><td>Apresentaram o banner:<\/td><td>O BRINCAR COMO ESTRAT\u00c9GIA PARA O DESENVOLVIMENTO E A APRENDIZAGEM NA EDUCA\u00c7\u00c3O INFANTIL<\/td><\/tr><tr><td>Conte\u00fado:<\/td><td>Utiliza\u00e7\u00e3o de brinquedos e brincadeiras como meio pedag\u00f3gico promotor de aprendizagem na educa\u00e7\u00e3o infantil.<\/td><\/tr><tr><\/tr><tr><\/tr><tr><\/tr><tr><td>Data apresenta\u00e7\u00e3o:<\/td><td>07\/03\/2020<\/td><\/tr><tr><td>Data evento:<\/td><td>15, 16, 22, 23, 24, e 29 fev.\/2020<br>1, 7 e 8 de mar.\/2020<\/td><\/tr><tr><td>Realiza\u00e7\u00e3o:<\/td><td>Instituto Saber de Ci\u00eancias Integradas<\/td><\/tr><\/tbody><\/table>\n","protected":false},"excerpt":{"rendered":"<p>N\u00ba de registro: 2079 Certificamos que: Crislayne Giovana Fontes AlvesLet\u00edcia Pereira Leles Jorgina Xavier de Lima Carla Fernanda ValentinVanderleia Ramos Pereira Lel\u00e9s Apresentaram o banner: O BRINCAR COMO ESTRAT\u00c9GIA PARA O DESENVOLVIMENTO E A APRENDIZAGEM NA EDUCA\u00c7\u00c3O INFANTIL Conte\u00fado: Utiliza\u00e7\u00e3o de brinquedos e brincadeiras como meio pedag\u00f3gico promotor de aprendizagem na educa\u00e7\u00e3o infantil. Data apresenta\u00e7\u00e3o: [&hellip;]<\/p>\n","protected":false},"author":1,"featured_media":0,"parent":0,"menu_order":0,"comment_status":"closed","ping_status":"closed","template":"","meta":{"footnotes":""},"class_list":["post-546","page","type-page","status-publish","hentry"],"_links":{"self":[{"href":"https:\/\/seminarios.isciweb.com.br\/index.php\/wp-json\/wp\/v2\/pages\/546","targetHints":{"allow":["GET"]}}],"collection":[{"href":"https:\/\/seminarios.isciweb.com.br\/index.php\/wp-json\/wp\/v2\/pages"}],"about":[{"href":"https:\/\/seminarios.isciweb.com.br\/index.php\/wp-json\/wp\/v2\/types\/page"}],"author":[{"embeddable":true,"href":"https:\/\/seminarios.isciweb.com.br\/index.php\/wp-json\/wp\/v2\/users\/1"}],"replies":[{"embeddable":true,"href":"https:\/\/seminarios.isciweb.com.br\/index.php\/wp-json\/wp\/v2\/comments?post=546"}],"version-history":[{"count":1,"href":"https:\/\/seminarios.isciweb.com.br\/index.php\/wp-json\/wp\/v2\/pages\/546\/revisions"}],"predecessor-version":[{"id":547,"href":"https:\/\/seminarios.isciweb.com.br\/index.php\/wp-json\/wp\/v2\/pages\/546\/revisions\/547"}],"wp:attachment":[{"href":"https:\/\/seminarios.isciweb.com.br\/index.php\/wp-json\/wp\/v2\/media?parent=546"}],"curies":[{"name":"wp","href":"https:\/\/api.w.org\/{rel}","templated":true}]}}