{"id":550,"date":"2020-02-29T06:53:41","date_gmt":"2020-02-29T10:53:41","guid":{"rendered":"http:\/\/seminarios.isciweb.com.br\/?page_id=550"},"modified":"2020-12-09T06:54:22","modified_gmt":"2020-12-09T10:54:22","slug":"2065-2","status":"publish","type":"page","link":"https:\/\/seminarios.isciweb.com.br\/index.php\/2065-2\/","title":{"rendered":"2065"},"content":{"rendered":"\n<table class=\"wp-block-table\"><tbody><tr><td>N\u00famero de registro:       <\/td><td>2065<\/td><\/tr><tr><td><\/td><td><\/td><\/tr><tr><td>Certificamos que:       <\/td><td>Meracy Santana de Jesus<br>Crislayne Giovana Fontes Alves<br>Let\u00edcia Pereira Leles  <br>Jorgina Xavier de Lima <br>Camila de Almeida Brito<\/td><\/tr><tr><\/tr><tr><\/tr><tr><\/tr><tr><\/tr><tr><td>Apresentaram a      .<br>Comunica\u00e7\u00e3o Oral:      .<\/td><td>FLORESTA AMAZ\u00d4NICA, O CORA\u00c7\u00c3O DO BRASIL<\/td><\/tr><tr><td>Conte\u00fado:       <\/td><td>Conscientiza\u00e7\u00e3o ambiental por meio de trabalho sobre a import\u00e2ncia para Floresta Amaz\u00f4nica.<\/td><\/tr><tr><\/tr><tr><\/tr><tr><\/tr><tr><td>Data apresenta\u00e7\u00e3o:       <\/td><td>29\/02\/2020<\/td><\/tr><tr><td>Data evento:       <\/td><td>15, 16, 22, 23, 24, e 29 fev.\/2020<br>1, 7 e 8 de mar.\/2020                     <\/td><\/tr><tr><td>Realiza\u00e7\u00e3o:        <\/td><td>Instituto Saber de Ci\u00eancias Integradas                        <\/td><\/tr><\/tbody><\/table>\n","protected":false},"excerpt":{"rendered":"<p>N\u00famero de registro: 2065 Certificamos que: Meracy Santana de JesusCrislayne Giovana Fontes AlvesLet\u00edcia Pereira Leles Jorgina Xavier de Lima Camila de Almeida Brito Apresentaram a .Comunica\u00e7\u00e3o Oral: . FLORESTA AMAZ\u00d4NICA, O CORA\u00c7\u00c3O DO BRASIL Conte\u00fado: Conscientiza\u00e7\u00e3o ambiental por meio de trabalho sobre a import\u00e2ncia para Floresta Amaz\u00f4nica. Data apresenta\u00e7\u00e3o: 29\/02\/2020 Data evento: 15, 16, 22, [&hellip;]<\/p>\n","protected":false},"author":1,"featured_media":0,"parent":0,"menu_order":0,"comment_status":"closed","ping_status":"closed","template":"","meta":{"footnotes":""},"class_list":["post-550","page","type-page","status-publish","hentry"],"_links":{"self":[{"href":"https:\/\/seminarios.isciweb.com.br\/index.php\/wp-json\/wp\/v2\/pages\/550","targetHints":{"allow":["GET"]}}],"collection":[{"href":"https:\/\/seminarios.isciweb.com.br\/index.php\/wp-json\/wp\/v2\/pages"}],"about":[{"href":"https:\/\/seminarios.isciweb.com.br\/index.php\/wp-json\/wp\/v2\/types\/page"}],"author":[{"embeddable":true,"href":"https:\/\/seminarios.isciweb.com.br\/index.php\/wp-json\/wp\/v2\/users\/1"}],"replies":[{"embeddable":true,"href":"https:\/\/seminarios.isciweb.com.br\/index.php\/wp-json\/wp\/v2\/comments?post=550"}],"version-history":[{"count":1,"href":"https:\/\/seminarios.isciweb.com.br\/index.php\/wp-json\/wp\/v2\/pages\/550\/revisions"}],"predecessor-version":[{"id":551,"href":"https:\/\/seminarios.isciweb.com.br\/index.php\/wp-json\/wp\/v2\/pages\/550\/revisions\/551"}],"wp:attachment":[{"href":"https:\/\/seminarios.isciweb.com.br\/index.php\/wp-json\/wp\/v2\/media?parent=550"}],"curies":[{"name":"wp","href":"https:\/\/api.w.org\/{rel}","templated":true}]}}

<table class="wp-block-table"><tbody><tr><td>Número de registro:       </td><td>2065</td></tr><tr><td></td><td></td></tr><tr><td>Certificamos que:       </td><td>Meracy Santana de Jesus<br>Crislayne Giovana Fontes Alves<br>Letícia Pereira Leles  <br>Jorgina Xavier de Lima <br>Camila de Almeida Brito</td></tr><tr></tr><tr></tr><tr></tr><tr></tr><tr><td>Apresentaram a      .<br>Comunicação Oral:      .</td><td>FLORESTA AMAZÔNICA, O CORAÇÃO DO BRASIL</td></tr><tr><td>Conteúdo:       </td><td>Conscientização ambiental por meio de trabalho sobre a importância para Floresta Amazônica.</td></tr><tr></tr><tr></tr><tr></tr><tr><td>Data apresentação:       </td><td>29/02/2020</td></tr><tr><td>Data evento:       </td><td>15, 16, 22, 23, 24, e 29 fev./2020<br>1, 7 e 8 de mar./2020                     </td></tr><tr><td>Realização:        </td><td>Instituto Saber de Ciências Integradas                        </td></tr></tbody></table>

<p>Número de registro: 2065 Certificamos que: Meracy Santana de JesusCrislayne Giovana Fontes AlvesLetícia Pereira Leles Jorgina Xavier de Lima Camila de Almeida Brito Apresentaram a .Comunicação Oral: . FLORESTA AMAZÔNICA, O CORAÇÃO DO BRASIL Conteúdo: Conscientização ambiental por meio de trabalho sobre a importância para Floresta Amazônica. Data apresentação: 29/02/2020 Data evento: 15, 16, 22, [&hellip;]</p>
