{"id":666,"date":"2020-03-10T15:43:54","date_gmt":"2020-03-10T19:43:54","guid":{"rendered":"http:\/\/seminarios.isciweb.com.br\/?page_id=666"},"modified":"2021-10-10T15:44:55","modified_gmt":"2021-10-10T19:44:55","slug":"1899-2","status":"publish","type":"page","link":"https:\/\/seminarios.isciweb.com.br\/index.php\/1899-2\/","title":{"rendered":"1899"},"content":{"rendered":"\n<figure class=\"wp-block-table\"><table><tbody><tr><td>N\u00ba de registro:<\/td><td>1899<\/td><\/tr><tr><td><\/td><td><\/td><td><\/td><\/tr><tr><td>Certificamos que:<\/td><td>Creuza Pereira da Silva<\/td><\/tr><tr><td>Participou do:<\/td><td>Semin\u00e1rio ISCI de Educa\u00e7\u00e3o e Desenvolvimento Humano<\/td><\/tr><tr><td>Carga hor\u00e1ria:<\/td><td>40 horas<\/td><\/tr><tr><td>Realiza\u00e7\u00e3o:<\/td><td>Instituto Saber de Ci\u00eancias Integradas<\/td><\/tr><tr><td>Data:<\/td><td>22, 23, 24, e 29 fev.\/2020<br>1, 7 e 8 de mar.\/2020<\/td><\/tr><\/tbody><\/table><\/figure>\n","protected":false},"excerpt":{"rendered":"<p>N\u00ba de registro: 1899 Certificamos que: Creuza Pereira da Silva Participou do: Semin\u00e1rio ISCI de Educa\u00e7\u00e3o e Desenvolvimento Humano Carga hor\u00e1ria: 40 horas Realiza\u00e7\u00e3o: Instituto Saber de Ci\u00eancias Integradas Data: 22, 23, 24, e 29 fev.\/20201, 7 e 8 de mar.\/2020<\/p>\n","protected":false},"author":1,"featured_media":0,"parent":0,"menu_order":0,"comment_status":"closed","ping_status":"closed","template":"","meta":{"footnotes":""},"class_list":["post-666","page","type-page","status-publish","hentry"],"_links":{"self":[{"href":"https:\/\/seminarios.isciweb.com.br\/index.php\/wp-json\/wp\/v2\/pages\/666","targetHints":{"allow":["GET"]}}],"collection":[{"href":"https:\/\/seminarios.isciweb.com.br\/index.php\/wp-json\/wp\/v2\/pages"}],"about":[{"href":"https:\/\/seminarios.isciweb.com.br\/index.php\/wp-json\/wp\/v2\/types\/page"}],"author":[{"embeddable":true,"href":"https:\/\/seminarios.isciweb.com.br\/index.php\/wp-json\/wp\/v2\/users\/1"}],"replies":[{"embeddable":true,"href":"https:\/\/seminarios.isciweb.com.br\/index.php\/wp-json\/wp\/v2\/comments?post=666"}],"version-history":[{"count":1,"href":"https:\/\/seminarios.isciweb.com.br\/index.php\/wp-json\/wp\/v2\/pages\/666\/revisions"}],"predecessor-version":[{"id":667,"href":"https:\/\/seminarios.isciweb.com.br\/index.php\/wp-json\/wp\/v2\/pages\/666\/revisions\/667"}],"wp:attachment":[{"href":"https:\/\/seminarios.isciweb.com.br\/index.php\/wp-json\/wp\/v2\/media?parent=666"}],"curies":[{"name":"wp","href":"https:\/\/api.w.org\/{rel}","templated":true}]}}