{"id":669,"date":"2020-03-10T14:39:01","date_gmt":"2020-03-10T18:39:01","guid":{"rendered":"http:\/\/seminarios.isciweb.com.br\/?page_id=669"},"modified":"2021-10-11T14:40:09","modified_gmt":"2021-10-11T18:40:09","slug":"1890-2","status":"publish","type":"page","link":"https:\/\/seminarios.isciweb.com.br\/index.php\/1890-2\/","title":{"rendered":"1890"},"content":{"rendered":"\n<figure class=\"wp-block-table\"><table><tbody><tr><td>N\u00ba de registro:<\/td><td>1890<\/td><\/tr><tr><td><\/td><td><\/td><td><\/td><\/tr><tr><td>Certificamos que:<\/td><td>Eulina Rodrigues do Nascimento Monteiro<\/td><\/tr><tr><td>Participou do:<\/td><td>Semin\u00e1rio ISCI de Educa\u00e7\u00e3o e Desenvolvimento Humano<\/td><\/tr><tr><td>Carga hor\u00e1ria:<\/td><td>40 horas<\/td><\/tr><tr><td>Realiza\u00e7\u00e3o:<\/td><td>Instituto Saber de Ci\u00eancias Integradas<\/td><\/tr><tr><td>Data:<\/td><td>22, 23, 24, e 29 fev.\/2020<br>1, 7 e 8 de mar.\/2020<\/td><\/tr><\/tbody><\/table><\/figure>\n","protected":false},"excerpt":{"rendered":"<p>N\u00ba de registro: 1890 Certificamos que: Eulina Rodrigues do Nascimento Monteiro Participou do: Semin\u00e1rio ISCI de Educa\u00e7\u00e3o e Desenvolvimento Humano Carga hor\u00e1ria: 40 horas Realiza\u00e7\u00e3o: Instituto Saber de Ci\u00eancias Integradas Data: 22, 23, 24, e 29 fev.\/20201, 7 e 8 de mar.\/2020<\/p>\n","protected":false},"author":1,"featured_media":0,"parent":0,"menu_order":0,"comment_status":"closed","ping_status":"closed","template":"","meta":{"footnotes":""},"class_list":["post-669","page","type-page","status-publish","hentry"],"_links":{"self":[{"href":"https:\/\/seminarios.isciweb.com.br\/index.php\/wp-json\/wp\/v2\/pages\/669","targetHints":{"allow":["GET"]}}],"collection":[{"href":"https:\/\/seminarios.isciweb.com.br\/index.php\/wp-json\/wp\/v2\/pages"}],"about":[{"href":"https:\/\/seminarios.isciweb.com.br\/index.php\/wp-json\/wp\/v2\/types\/page"}],"author":[{"embeddable":true,"href":"https:\/\/seminarios.isciweb.com.br\/index.php\/wp-json\/wp\/v2\/users\/1"}],"replies":[{"embeddable":true,"href":"https:\/\/seminarios.isciweb.com.br\/index.php\/wp-json\/wp\/v2\/comments?post=669"}],"version-history":[{"count":1,"href":"https:\/\/seminarios.isciweb.com.br\/index.php\/wp-json\/wp\/v2\/pages\/669\/revisions"}],"predecessor-version":[{"id":670,"href":"https:\/\/seminarios.isciweb.com.br\/index.php\/wp-json\/wp\/v2\/pages\/669\/revisions\/670"}],"wp:attachment":[{"href":"https:\/\/seminarios.isciweb.com.br\/index.php\/wp-json\/wp\/v2\/media?parent=669"}],"curies":[{"name":"wp","href":"https:\/\/api.w.org\/{rel}","templated":true}]}}