{"id":919,"date":"2024-09-20T07:54:37","date_gmt":"2024-09-20T11:54:37","guid":{"rendered":"https:\/\/seminarios.isciweb.com.br\/?page_id=919"},"modified":"2024-09-23T09:55:02","modified_gmt":"2024-09-23T13:55:02","slug":"2409180945-2","status":"publish","type":"page","link":"https:\/\/seminarios.isciweb.com.br\/index.php\/2409180945-2\/","title":{"rendered":"2409180945"},"content":{"rendered":"\n<p>N\u00ba de registro: 2409180945<br>Certificamos que: Andreia Rocha de Paula<br>CPF: 962.923.181-68<br>Participou do curso: Confec\u00e7\u00e3o de material did\u00e1tico no Libre Office Draw &#8211; 120 hs &#8211; R$120,00<br>Carga hor\u00e1ria: 120 horas<br>Modalidade: online<br>Realiza\u00e7\u00e3o: 05 de julho a 16 de setembro de 2024<br>Conte\u00fado: &#8220;\u2013 escolha de imagens sem direitos autorais;<br>\u2013 dimensionamento de imagens, adi\u00e7\u00e3o e formata\u00e7\u00e3o de texto;<br>\u2013 confec\u00e7\u00e3o de cartazes;<br>\u2013 confec\u00e7\u00e3o de artes para as redes sociais.&#8221;<\/p>\n\n\n\n<pre class=\"wp-block-code\"><code>        20 de setembro de 2024      <\/code><\/pre>\n","protected":false},"excerpt":{"rendered":"<p>N\u00ba de registro: 2409180945Certificamos que: Andreia Rocha de PaulaCPF: 962.923.181-68Participou do curso: Confec\u00e7\u00e3o de material did\u00e1tico no Libre Office Draw &#8211; 120 hs &#8211; R$120,00Carga hor\u00e1ria: 120 horasModalidade: onlineRealiza\u00e7\u00e3o: 05 de julho a 16 de setembro de 2024Conte\u00fado: &#8220;\u2013 escolha de imagens sem direitos autorais;\u2013 dimensionamento de imagens, adi\u00e7\u00e3o e formata\u00e7\u00e3o de texto;\u2013 confec\u00e7\u00e3o de [&hellip;]<\/p>\n","protected":false},"author":1,"featured_media":0,"parent":0,"menu_order":0,"comment_status":"closed","ping_status":"closed","template":"","meta":{"footnotes":""},"class_list":["post-919","page","type-page","status-publish","hentry"],"_links":{"self":[{"href":"https:\/\/seminarios.isciweb.com.br\/index.php\/wp-json\/wp\/v2\/pages\/919","targetHints":{"allow":["GET"]}}],"collection":[{"href":"https:\/\/seminarios.isciweb.com.br\/index.php\/wp-json\/wp\/v2\/pages"}],"about":[{"href":"https:\/\/seminarios.isciweb.com.br\/index.php\/wp-json\/wp\/v2\/types\/page"}],"author":[{"embeddable":true,"href":"https:\/\/seminarios.isciweb.com.br\/index.php\/wp-json\/wp\/v2\/users\/1"}],"replies":[{"embeddable":true,"href":"https:\/\/seminarios.isciweb.com.br\/index.php\/wp-json\/wp\/v2\/comments?post=919"}],"version-history":[{"count":1,"href":"https:\/\/seminarios.isciweb.com.br\/index.php\/wp-json\/wp\/v2\/pages\/919\/revisions"}],"predecessor-version":[{"id":920,"href":"https:\/\/seminarios.isciweb.com.br\/index.php\/wp-json\/wp\/v2\/pages\/919\/revisions\/920"}],"wp:attachment":[{"href":"https:\/\/seminarios.isciweb.com.br\/index.php\/wp-json\/wp\/v2\/media?parent=919"}],"curies":[{"name":"wp","href":"https:\/\/api.w.org\/{rel}","templated":true}]}}